2378 is divided by 61?
60
What is the remainder when 12230 is divided by 139?
137
What is the remainder when 2373 is divided by 15?
3
What is the remainder when 152 is divided by 56?
40
What is the remainder when 9046 is divided by 29?
27
Calculate the remainder when 613 is divided by 117.
28
What is the remainder when 1101 is divided by 229?
185
What is the remainder when 79 is divided by 33?
13
Calculate the remainder when 58 is divided by 14.
2
Calculate the remainder when 127 is divided by 18.
1
Calculate the remainder when 42 is divided by 10.
2
Calculate the remainder when 87 is divided by 85.
2
Calculate the remainder when 3997 is divided by 16.
13
Calculate the remainder when 2349 is divided by 62.
55
Calculate the remainder when 195 is divided by 40.
35
What is the remainder when 432 is divided by 66?
36
What is the remainder when 38 is divided by 14?
10
Calculate the remainder when 1875 is divided by 41.
30
What is the remainder when 1684 is divided by 2?
0
What is the remainder when 1339 is divided by 58?
5
What is the remainder when 1023 is divided by 114?
111
What is the remainder when 325 is divided by 325?
0
Calculate the remainder when 2697 is divided by 75.
72
Calculate the remainder when 374 is divided by 90.
14
Calculate the remainder when 474 is divided by 95.
94
Calculate the remainder when 32 is divided by 20.
12
Calculate the remainder when 745 is divided by 96.
73
Calculate the remainder when 51 is divided by 43.
8
What is the remainder when 343 is divided by 26?
5
Calculate the remainder when 680 is divided by 14.
8
Calculate the remainder when 14321 is divided by 66.
65
Calculate the remainder when 136 is divided by 51.
34
What is the remainder when 563 is divided by 94?
93
What is the remainder when 231 is divided by 83?
65
What is the remainder when 1064 is divided by 82?
80
What is the remainder when 247 is divided by 5?
2
Calculate the remainder when 699 is divided by 50.
49
Calculate the remainder when 127 is divided by 11.
6
Calculate the remainder when 329 is divided by 119.
91
What is the remainder when 3839 is divided by 77?
66
What is the remainder when 1001 is divided by 17?
15
Calculate the remainder when 5349 is divided by 15.
9
What is the remainder when 362 is divided by 52?
50
What is the remainder when 415 is divided by 12?
7
Calculate the remainder when 3054 is divided by 47.
46
Calculate the remainder when 273 is divided by 136.
1
Calculate the remainder when 334 is divided by 40.
14
What is the remainder when 2563 is divided by 2561?
2
Calculate the remainder when 134 is divided by 56.
22
What is the remainder when 221 is divided by 34?
17
Calculate the remainder when 125 is divided by 57.
11
Calculate the remainder when 941 is divided by 63.
59
Calculate the remainder when 138 is divided by 29.
22
Calculate the remainder when 84 is divided by 32.
20
What is the remainder when 131 is divided by 7?
5
Calculate the remainder when 127 is divided by 46.
35
Calculate the remainder when 350 is divided by 113.
11
What is the remainder when 578 is divided by 73?
67
Calculate the remainder when 4289 is divided by 1429.
2
What is the remainder when 238 is divided by 51?
34
Calculate the remainder when 612 is divided by 303.
6
What is the remainder when 404 is divided by 29?
27
Calculate the remainder when 1013 is divided by 127.
124
Calculate the remainder when 676 is divided by 57.
49
Calculate the remainder when 254 is divided by 43.
39
What is the remainder when 1043 is divided by 95?
93
What is the remainder when 21 is divided by 17?
4
What is the remainder when 93 is divided by 56?
37
Calculate the remainder when 1676 is divided by 165.
26
What is the remainder when 112 is divided by 10?
2
What is the remainder when 2813 is divided by 188?
181
Calculate the remainder when 610 is divided by 79.
57
Calculate the remainder when 818 is divided by 7.
6
What is the remainder when 268 is divided by 79?
31
Calculate the remainder when 421 is divided by 25.
21
Calculate the remainder when 1593 is divided by 1570.
23
What is the remainder when 213 is divided by 72?
69
Calculate the remainder when 108 is divided by 4.
0
Calculate the remainder when 891 is divided by 47.
45
What is the remainder when 619 is divided by 7?
3
Calculate the remainder when 405 is divided by 104.
93
Calculate the remainder when 179 is divided by 55.
14
What is the remainder when 220 is divided by 199?
21
What is the remainder when 27795 is divided by 11?
9
Calculate the remainder when 1228 is divided by 88.
84
Calculate the remainder when 549 is divided by 23.
20
What is the remainder when 998 is divided by 992?
6
Calculate the remainder when 139 is divided by 50.
39
Calculate the remainder when 670 is divided by 64.
30
What is the remainder when 138 is divided by 45?
3
What is the remainder when 388 is divided by 352?
36
Calculate the remainder when 462 is divided by 208.
46
What is the remainder when 40 is divided by 6?
4
Calculate the remainder when 163 is divided by 60.
43
Calculate the remainder when 69 is divided by 37.
32
Calculate the remainder when 1187 is divided by 36.
35
Calculate the remainder when 98 is divided by 54.
44
What is the remainder when 4316 is divided by 61?
46
Calculate the remainder when 7617 is divided by 30.
27
Calculate the remainder when 791 is divided by 115.
101
What is the remainder when 83 is divided by 46?
37
What is the remainder when 1764 is divided by 83?
21
Calculate the remainder when 172 is divided by 111.
61
Calculate the remainder when 4139 is divided by 230.
229
Calculate the remainder when 24673 is divided by 13.
12
Calculate the remainder when 1292 is divided by 423.
23
Calculate the remainder when 346 is divided by 23.
1
What is the remainder when 6144 is divided by 6138?
6
Calculate the remainder when 2125 is divided by 133.
130
What is the remainder when 748 is divided by 40?
28
Calculate the remainder when 13 is divided by 7.
6
What is the remainder when 146 is divided by 122?
24
What is the remainder when 102 is divided by 9?
3
Calculate the remainder when 25 is divided by 17.
8
Calculate the remainder when 927 is divided by 462.
3
Calculate the remainder when 4803 is divided by 74.
67
Calculate the remainder when 51 is divided by 7.
2
Calculate the remainder when 23 is divided by 14.
9
What is the remainder when 216 is divided by 28?
20
Calculate the remainder when 1931 is divided by 129.
125
Calculate the remainder when 51 is divided by 4.
3
Calculate the remainder when 89 is divided by 38.
13
Calculate the remainder when 160 is divided by 45.
25
Calculate the remainder when 263 is divided by 54.
47
What is the remainder when 59 is divided by 40?
19
Calculate the remainder when 1492 is divided by 30.
22
Calculate the remainder when 502 is divided by 73.
64
What is the remainder when 47 is divided by 17?
13
What is the remainder when 553 is divided by 274?
5
Calculate the remainder when 28698 is divided by 350.
348
What is the remainder when 19 is divided by 14?
5
What is the remainder when 548 is divided by 61?
60
What is the remainder when 41169 is divided by 282?
279
What is the remainder when 157 is divided by 141?
16
What is the remainder when 497 is divided by 84?
77
Calculate the remainder when 415 is divided by 35.
30
Calculate the remainder when 9323 is divided by 126.
125
What is the remainder when 1763 is divided by 144?
35
What is the remainder when 56 is divided by 24?
8
What is the remainder when 92 is divided by 13?
1
What is the remainder when 7780 is divided by 29?
8
Calculate the remainder when 220 is divided by 2.
0
Calculate the remainder when 68 is divided by 56.
12
What is the remainder when 186 is divided by 64?
58
What is the remainder when 122 is divided by 25?
22
What is the remainder when 912 is divided by 24?
0
Calculate the remainder when 80 is divided by 15.
5
Calculate the remainder when 791 is divided by 72.
71
What is the remainder when 519 is divided by 58?
55
What is the remainder when 1464 is divided by 27?
6
What is the remainder when 178 is divided by 30?
28
What is the remainder when 4231 is divided by 4218?
13
Calculate the remainder when 174 is divided by 12.
6
Calculate the remainder when 439 is divided by 426.
13
Calculate the remainder 